 o be -14*-3*a/(-24). What is the greatest common factor of o and 7?
7
Let d = -564 - -707. What is the greatest common factor of 11 and d?
11
Let z be (456/21)/1 + (-4)/(-14). Suppose -w = 8*x - 4*x - z, -3*x = -2*w. What is the highest common divisor of 18 and w?
6
Suppose 0 = 2*k - 231 - 153. Let d(v) = 4*v - 54. Let a be d(12). Let r be a/2 - ((8 - 14) + -29). What is the highest common divisor of k and r?
32
Let h = 196 + -76. Let q = 97 + -82. What is the highest common factor of q and h?
15
Let d(k) = k**3 - 6*k**2 - 7*k + 18. Let v be d(8). Calculate the highest common divisor of 126 and v.
18
Let g = -30 - -28. Let h(f) = -f**3 + 4*f**2 + 3*f - 2. Let v be h(g). Calculate the highest common divisor of v and 4.
4
Let z = -863 - -1157. Calculate the greatest common divisor of 98 and z.
98
Suppose -3*s = 5*p - 95, 2*p = -5*s + s + 136. What is the highest common divisor of 350 and s?
35
Let g(x) = -2*x**3 - 9*x**2 - 6*x - 7. Let l be g(-5). Calculate the highest common divisor of l and 12.
12
Let o = -63 - -119. Let c = -4 + 9. Suppose -71 = -c*g - 1. What is the highest common factor of o and g?
14
Let o be 2/(-6) - 61/(-3). Let r = 12 - 6. Suppose 3*b = r*b + 2*s - 152, -4*b = -5*s - 195. What is the greatest common divisor of b and o?
10
Let v = 69 - -11. Let z(a) = 65*a + 205. Let n be z(-3). What is the greatest common divisor of v and n?
10
Let a = -900 + 1274. Let p(d) = -2*d + 46. Let h be p(6). Calculate the greatest common divisor of a and h.
34
Let r(x) = x**3 - 18*x**2 + 4*x - 39. Suppose 12 = 3*s, 0*s + 38 = h + 5*s. Let l be r(h). Calculate the greatest common divisor of l and 22.
11
Let j = -1877 - -1888. Calculate the highest common divisor of 737 and j.
11
Let p(u) = -u**2 + 41*u - 40. Let i be p(16). Calculate the highest common factor of i and 240.
120
Let j = 83 - 47. Suppose -64*n - j = -66*n. What is the highest common factor of n and 144?
18
Let c = -9 - -8. Let d be c/9 + 8106/54. What is the greatest common divisor of d and 30?
30
Let a = 291 + -135. Let w be 1000/84*1 - (-10)/105. Calculate the highest common divisor of w and a.
12
Suppose -55*m - 23 = -133. Suppose -16 = 2*s + 4*f, 0 = s - 3*s + 4*f + 24. Suppose s*g - 4 = g. Calculate the highest common factor of g and m.
2
Suppose 4*f - 6*f + 4*l + 1068 = 0, -f + 5*l + 525 = 0. What is the greatest common divisor of 18 and f?
18
Let h(y) = -9*y**2 + 3*y - 9. Let p(m) = -8*m**2 + 3*m - 9. Let k(q) = 4*h(q) - 5*p(q). Let i be k(3). What is the greatest common divisor of i and 4?
4
Suppose -2*z + 8*z = 0. Suppose p + h + 23 = z, 9*h = -p + 4*h - 43. Let g be p/135 + 784/30. Calculate the greatest common factor of 39 and g.
13
Suppose -d + 9 = 2*d. Let t(z) = z - 15. Let f(k) = k - 4. Let l(r) = 3*f(r) - t(r). Let i be l(d). What is the greatest common divisor of 9 and i?
9
Suppose -3*l + 2*l - 596 = -4*c, 0 = -3*c + 3*l + 438. Let i be (-2)/(-10) + 298/10. What is the highest common factor of c and i?
30
Let b(j) = 4*j**2 - 205*j - 637. Let f be b(-3). Let z be 1 + -1 + 0 + 14. Calculate the greatest common factor of f and z.
14
Let q = -19 - -19. Suppose q = -5*k + 65 + 635. Let v = k + -77. What is the highest common factor of 9 and v?
9
Let v be 14/(-4)*2*-1. Suppose -4*g + 4*c = 48, 10*g + 2*c = 7*g - 46. Let k be ((-1)/3)/(g/84) + 19. What is the greatest common divisor of v and k?
7
Suppose 0 = -2*d - 8, -q - 2*q = -2*d - 56. What is the highest common divisor of 4 and q?
4
Let k(i) = -20*i**2 + 4*i - 1. Let b be k(2). Let l = -68 - b. Calculate the highest common factor of l and 65.
5
Let p be 1750/4*(20/25 + 0). Calculate the highest common factor of 50 and p.
50
Suppose 47 + 33 = 5*f. Suppose -c + 3*t - 1 = 0, 4*c + 3 - 10 = t. What is the highest common divisor of f and c?
2
Suppose 5*q = 4*q + 2, -x + 2*q = 1. Suppose -x*a + 14 = -a. What is the highest common factor of 49 and a?
7
Let s = 340 + -292. What is the greatest common factor of 24 and s?
24
Let b be ((-576)/28)/((-24)/112)*1. Calculate the highest common factor of 40 and b.
8
Let i be (11/2)/(10/20). Suppose i = 5*o - 134. Calculate the highest common divisor of 29 and o.
29
Let q(f) = 3*f - 1. Let n = -73 - -108. Suppose n = 4*l + 3. Let w be q(l). What is the greatest common divisor of w and 115?
23
Suppose -127*f + 121*f + 1248 = 0. Calculate the greatest common divisor of 52 and f.
52
Let d = -202 + 212. Calculate the greatest common divisor of d and 10.
10
Let u(p) = 47*p**2 - 6*p + 2. Let j(q) = -q**2 + 6*q + 10. Let a be j(7). Let t be u(a). What is the highest common factor of t and 37?
37
Let j be 26*(9/(-2))/(-3). Let x = j + -26. Suppose 0 = -r + 12 + 1. What is the highest common factor of x and r?
13
Let o = 664 + -365. What is the highest common factor of 13 and o?
13
Let d(b) = -2*b - 1. Let k be -5 - (-2 + -1 + 0). Let t be d(k). Suppose 2*h - 2*j = 64, -t*h + 68 = -h - j. Calculate the greatest common factor of h and 54.
18
Suppose 0 = -5*j + 2*l + 178, 0 = -3*j - 3*l - 2*l + 113. Let y(s) = -8*s + 34. Let p be y(2). What is the greatest common factor of j and p?
18
Let x(m) = -m + 2. Let y be x(-6). Suppose d = -4*z + 5*d + y, 5*z = 3*d + 8. Calculate the greatest common factor of 13 and z.
1
Let h = 966 - 518. Calculate the highest common divisor of 32 and h.
32
Let k be 11/(11 + -12)*-16. What is the highest common divisor of 11 and k?
11
Suppose 10*h = 7*h - 5*g + 415, 2*g = 5*h - 702. Let n be h*(-1)/2*-1. Let o = 17 - 7. What is the greatest common divisor of n and o?
10
Suppose -5*y = -6*y - z + 21, 2*y - 4*z = 12. What is the greatest common divisor of y and 272?
16
Suppose 248 = a + 4*l, 5*l + 778 = 5*a - 2*a. Calculate the greatest common factor of 8 and a.
8
Suppose 0 = 2*v - 5*b, v - 3*b + 3 = b. Suppose v*a = 53 + 87. What is the greatest common divisor of a and 56?
28
Suppose 7*l = 9*l - 242. Let c(n) = 2*n - 4*n - 9 + 0*n - 2. Let o be c(-11). Calculate the highest common divisor of o and l.
11
Let w(c) = c**3 - 9*c**2 - 8*c - 16. Let t be w(10). What is the highest common divisor of 74 and t?
2
Let x(u) = -u**2 - 8*u + 3. Let r be x(-8). Let l be -4 + r + -3 + 8. Suppose -4*h + 196 = v + h, h - l = 0. Calculate the highest common divisor of v and 16.
16
Let d be (4 - (-18)/9)*27/2. What is the highest common factor of d and 378?
27
Let k = -254 + 268. What is the greatest common divisor of k and 56?
14
Let b(k) = -k**3 + 7*k**2 + 8*k + 9. Let v be b(8). Let g = -1008 - -1011. What is the greatest common factor of g and v?
3
Suppose 0 = 4*z - 4*r - 644, -5*z - 5*r + 813 = -2*r. What is the greatest common divisor of z and 6?
6
Suppose l - 96 = -2*l. Let m be (-1)/2 + (-126)/(-12). Suppose -m*k = -15*k + 40. What is the highest common divisor of k and l?
8
Let d be (-142)/(-2) + 5 + -4. Let w = 81 + -44. Let g = w - -11. What is the highest common divisor of d and g?
24
Suppose 6*n - 61 = -5*f, 2*f - 24 = 2*n - 4. Let r be (-2)/(-5) - (-493)/5. Calculate the greatest common factor of r and f.
11
Suppose -3*z + 140 = -b, -3*z + 168 = -0*z + 3*b. Suppose -2*w + 0 = -4*i + 2, 5*w = -3*i + 47. Calculate the greatest common divisor of z and w.
7
Suppose -2*r + 64 + 80 = 0. Suppose 0 = 12*p - 8*p. Suppose p = -l + 4 + 4. Calculate the highest common factor of r and l.
8
Suppose 36*a = -2*a + 1140. Calculate the greatest common divisor of a and 20.
10
Let o be (-44)/(-9)*954/212. Calculate the highest common divisor of o and 22.
22
Let r = -778 - -874. Calculate the greatest common divisor of r and 3.
3
Let c be 1*(47 + (-4 - -2)). What is the highest common factor of c and 9?
9
Let c be 3 + (72/8 - 7). Calculate the greatest common divisor of 3 and c.
1
Let l = 87 + -122. Let s = -13 - l. Calculate the greatest common factor of 110 and s.
22
Let b(o) = 2*o**3 - 26*o**2 - 2*o + 17. Let p be b(13). Let l(y) = y**2 + 9*y + 35. Let d be l(p). Calculate the greatest common divisor of d and 21.
7
Suppose 72 = 7*h - 292. What is the highest common divisor of 39 and h?
13
Suppose 29*r - 4276 + 1086 = 0. Calculate the greatest common factor of 70 and r.
10
Suppose -2*v + 3*a + 2 = -2*a, 0 = -3*v - 4*a + 3. Suppose 8 = -10*g + 15*g - m, 4*m = -4*g - 8. What is the greatest common factor of v and g?
1
Let v = 131 - 128. Suppose -v*a = -4*c + 26, -12 = -2*c + 3*a + 4. Calc